[INFO] fetching crate winpipe2serial 0.1.0...
[INFO] checking winpipe2serial-0.1.0 against master#e6e4f7ed1589e03bc2f6c5931c1a72e7947e8682 for beta-170-4
[INFO] extracting crate winpipe2serial 0.1.0 into /workspace/builds/worker-6-tc2/source
[INFO] validating manifest of crates.io crate winpipe2serial 0.1.0 on toolchain e6e4f7ed1589e03bc2f6c5931c1a72e7947e8682
[INFO] running `Command { std: CARGO_HOME="/workspace/cargo-home" RUSTUP_HOME="/workspace/rustup-home" "/workspace/cargo-home/bin/cargo" "+e6e4f7ed1589e03bc2f6c5931c1a72e7947e8682" "metadata" "--manifest-path" "Cargo.toml" "--no-deps", kill_on_drop: false }`
[INFO] started tweaking crates.io crate winpipe2serial 0.1.0
[INFO] finished tweaking crates.io crate winpipe2serial 0.1.0
[INFO] tweaked toml for crates.io crate winpipe2serial 0.1.0 written to /workspace/builds/worker-6-tc2/source/Cargo.toml
[INFO] crate crates.io crate winpipe2serial 0.1.0 already has a lockfile, it will not be regenerated
[INFO] running `Command { std: CARGO_HOME="/workspace/cargo-home" RUSTUP_HOME="/workspace/rustup-home" "/workspace/cargo-home/bin/cargo" "+e6e4f7ed1589e03bc2f6c5931c1a72e7947e8682" "fetch" "--manifest-path" "Cargo.toml", kill_on_drop: false }`
[INFO] running `Command { std: "docker" "create" "-v" "/var/lib/crater-agent-workspace/builds/worker-6-tc2/target:/opt/rustwide/target:rw,Z" "-v" "/var/lib/crater-agent-workspace/builds/worker-6-tc2/source:/opt/rustwide/workdir:ro,Z" "-v" "/var/lib/crater-agent-workspace/cargo-home:/opt/rustwide/cargo-home:ro,Z" "-v" "/var/lib/crater-agent-workspace/rustup-home:/opt/rustwide/rustup-home:ro,Z" "-e" "SOURCE_DIR=/opt/rustwide/workdir" "-e" "CARGO_TARGET_DIR=/opt/rustwide/target" "-e" "CARGO_HOME=/opt/rustwide/cargo-home" "-e" "RUSTUP_HOME=/opt/rustwide/rustup-home" "-w" "/opt/rustwide/workdir" "-m" "1610612736" "--user" "0:0" "--network" "none" "ghcr.io/rust-lang/crates-build-env/linux@sha256:19e73879b68f455e41552ea35293514db52ea292d993f571636dbffedb77a1ee" "/opt/rustwide/cargo-home/bin/cargo" "+e6e4f7ed1589e03bc2f6c5931c1a72e7947e8682" "metadata" "--no-deps" "--format-version=1", kill_on_drop: false }`
[INFO] [stdout] 132d6c23fc74b58b699ddf94b7663e64939c9559b803ca7c7d3683f9de15c588
[INFO] running `Command { std: "docker" "start" "-a" "132d6c23fc74b58b699ddf94b7663e64939c9559b803ca7c7d3683f9de15c588", kill_on_drop: false }`
[INFO] running `Command { std: "docker" "inspect" "132d6c23fc74b58b699ddf94b7663e64939c9559b803ca7c7d3683f9de15c588", kill_on_drop: false }`
[INFO] running `Command { std: "docker" "rm" "-f" "132d6c23fc74b58b699ddf94b7663e64939c9559b803ca7c7d3683f9de15c588", kill_on_drop: false }`
[INFO] [stdout] 132d6c23fc74b58b699ddf94b7663e64939c9559b803ca7c7d3683f9de15c588
[INFO] running `Command { std: "docker" "create" "-v" "/var/lib/crater-agent-workspace/builds/worker-6-tc2/target:/opt/rustwide/target:rw,Z" "-v" "/var/lib/crater-agent-workspace/builds/worker-6-tc2/source:/opt/rustwide/workdir:ro,Z" "-v" "/var/lib/crater-agent-workspace/cargo-home:/opt/rustwide/cargo-home:ro,Z" "-v" "/var/lib/crater-agent-workspace/rustup-home:/opt/rustwide/rustup-home:ro,Z" "-e" "SOURCE_DIR=/opt/rustwide/workdir" "-e" "CARGO_TARGET_DIR=/opt/rustwide/target" "-e" "CARGO_INCREMENTAL=0" "-e" "RUST_BACKTRACE=full" "-e" "RUSTFLAGS=--cap-lints=forbid" "-e" "RUSTDOCFLAGS=--cap-lints=forbid" "-e" "CARGO_HOME=/opt/rustwide/cargo-home" "-e" "RUSTUP_HOME=/opt/rustwide/rustup-home" "-w" "/opt/rustwide/workdir" "-m" "1610612736" "--user" "0:0" "--network" "none" "ghcr.io/rust-lang/crates-build-env/linux@sha256:19e73879b68f455e41552ea35293514db52ea292d993f571636dbffedb77a1ee" "/opt/rustwide/cargo-home/bin/cargo" "+e6e4f7ed1589e03bc2f6c5931c1a72e7947e8682" "check" "--frozen" "--all" "--all-targets" "--message-format=json", kill_on_drop: false }`
[INFO] [stdout] 20082546872a3e8e78fd70e348dfde840001112fdec40363970d0814a8f20b7a
[INFO] running `Command { std: "docker" "start" "-a" "20082546872a3e8e78fd70e348dfde840001112fdec40363970d0814a8f20b7a", kill_on_drop: false }`
[INFO] [stderr]    Compiling rustix v0.37.15
[INFO] [stderr]     Checking linux-raw-sys v0.3.4
[INFO] [stderr]     Checking anstyle-query v1.0.0
[INFO] [stderr]     Checking anstyle-parse v0.2.0
[INFO] [stderr]     Checking colorchoice v1.0.0
[INFO] [stderr]     Checking anstyle v1.0.0
[INFO] [stderr]    Compiling winapi v0.3.9
[INFO] [stderr]    Compiling syn v2.0.15
[INFO] [stderr]    Compiling heck v0.4.1
[INFO] [stderr]     Checking is-terminal v0.4.7
[INFO] [stderr]     Checking anstream v0.3.1
[INFO] [stderr]     Checking clap_builder v4.2.4
[INFO] [stderr]    Compiling clap_derive v4.2.0
[INFO] [stderr]     Checking clap v4.2.4
[INFO] [stderr]     Checking winpipe2serial v0.1.0 (/opt/rustwide/workdir)
[INFO] [stdout] error[E0433]: failed to resolve: could not find `windows` in `os`
[INFO] [stdout]  --> src/main.rs:4:14
[INFO] [stdout]   |
[INFO] [stdout] 4 | use std::os::windows::ffi::OsStrExt;
[INFO] [stdout]   |              ^^^^^^^ could not find `windows` in `os`
[INFO] [stdout] 
[INFO] [stdout] 
[INFO] [stdout] error[E0433]: failed to resolve: could not find `windows` in `os`
[INFO] [stdout]  --> src/main.rs:4:14
[INFO] [stdout]   |
[INFO] [stdout] 4 | use std::os::windows::ffi::OsStrExt;
[INFO] [stdout]   |              ^^^^^^^ could not find `windows` in `os`
[INFO] [stdout] 
[INFO] [stdout] 
[INFO] [stdout] error[E0433]: failed to resolve: could not find `shared` in `winapi`
[INFO] [stdout]   --> src/main.rs:11:13
[INFO] [stdout]    |
[INFO] [stdout] 11 | use winapi::shared::minwindef::{BOOL, DWORD, FALSE, TRUE};
[INFO] [stdout]    |             ^^^^^^ could not find `shared` in `winapi`
[INFO] [stdout] 
[INFO] [stdout] 
[INFO] [stdout] error[E0433]: failed to resolve: could not find `shared` in `winapi`
[INFO] [stdout]   --> src/main.rs:12:13
[INFO] [stdout]    |
[INFO] [stdout] 12 | use winapi::shared::ntdef::NULL;
[INFO] [stdout]    |             ^^^^^^ could not find `shared` in `winapi`
[INFO] [stdout] 
[INFO] [stdout] 
[INFO] [stdout] error[E0433]: failed to resolve: could not find `shared` in `winapi`
[INFO] [stdout]   --> src/main.rs:11:13
[INFO] [stdout]    |
[INFO] [stdout] 11 | use winapi::shared::minwindef::{BOOL, DWORD, FALSE, TRUE};
[INFO] [stdout]    |             ^^^^^^ could not find `shared` in `winapi`
[INFO] [stdout] 
[INFO] [stdout] 
[INFO] [stdout] error[E0433]: failed to resolve: could not find `shared` in `winapi`
[INFO] [stdout]   --> src/main.rs:13:13
[INFO] [stdout]    |
[INFO] [stdout] 13 | use winapi::shared::winerror::ERROR_IO_PENDING;
[INFO] [stdout]    |             ^^^^^^ could not find `shared` in `winapi`
[INFO] [stdout] 
[INFO] [stdout] 
[INFO] [stdout] error[E0433]: failed to resolve: could not find `shared` in `winapi`
[INFO] [stdout]   --> src/main.rs:14:13
[INFO] [stdout]    |
[INFO] [stdout] 14 | use winapi::shared::winerror::ERROR_PIPE_BUSY;
[INFO] [stdout]    |             ^^^^^^ could not find `shared` in `winapi`
[INFO] [stdout] 
[INFO] [stdout] 
[INFO] [stdout] error[E0433]: failed to resolve: could not find `shared` in `winapi`
[INFO] [stdout]   --> src/main.rs:12:13
[INFO] [stdout]    |
[INFO] [stdout] 12 | use winapi::shared::ntdef::NULL;
[INFO] [stdout]    |             ^^^^^^ could not find `shared` in `winapi`
[INFO] [stdout] 
[INFO] [stdout] 
[INFO] [stdout] error[E0433]: failed to resolve: could not find `um` in `winapi`
[INFO] [stdout]   --> src/main.rs:15:13
[INFO] [stdout]    |
[INFO] [stdout] 15 | use winapi::um::commapi::{SetCommState, SetCommTimeouts};
[INFO] [stdout]    |             ^^ could not find `um` in `winapi`
[INFO] [stdout] 
[INFO] [stdout] 
[INFO] [stdout] error[E0433]: failed to resolve: could not find `um` in `winapi`
[INFO] [stdout]   --> src/main.rs:16:13
[INFO] [stdout]    |
[INFO] [stdout] 16 | use winapi::um::errhandlingapi::GetLastError;
[INFO] [stdout]    |             ^^ could not find `um` in `winapi`
[INFO] [stdout] 
[INFO] [stdout] 
[INFO] [stdout] error[E0433]: failed to resolve: could not find `shared` in `winapi`
[INFO] [stdout]   --> src/main.rs:13:13
[INFO] [stdout]    |
[INFO] [stdout] 13 | use winapi::shared::winerror::ERROR_IO_PENDING;
[INFO] [stdout]    |             ^^^^^^ could not find `shared` in `winapi`
[INFO] [stdout] 
[INFO] [stdout] 
[INFO] [stdout] error[E0433]: failed to resolve: could not find `um` in `winapi`
[INFO] [stdout]   --> src/main.rs:17:13
[INFO] [stdout]    |
[INFO] [stdout] 17 | use winapi::um::fileapi::{CreateFileW, ReadFile, WriteFile, OPEN_EXISTING};
[INFO] [stdout]    |             ^^ could not find `um` in `winapi`
[INFO] [stdout] 
[INFO] [stdout] 
[INFO] [stdout] error[E0433]: failed to resolve: could not find `shared` in `winapi`
[INFO] [stdout]   --> src/main.rs:14:13
[INFO] [stdout]    |
[INFO] [stdout] 14 | use winapi::shared::winerror::ERROR_PIPE_BUSY;
[INFO] [stdout]    |             ^^^^^^ could not find `shared` in `winapi`
[INFO] [stdout] 
[INFO] [stdout] 
[INFO] [stdout] error[E0433]: failed to resolve: could not find `um` in `winapi`
[INFO] [stdout]   --> src/main.rs:18:13
[INFO] [stdout]    |
[INFO] [stdout] 18 | use winapi::um::handleapi::{CloseHandle, DuplicateHandle, INVALID_HANDLE_VALUE};
[INFO] [stdout]    |             ^^ could not find `um` in `winapi`
[INFO] [stdout] 
[INFO] [stdout] 
[INFO] [stdout] error[E0433]: failed to resolve: could not find `um` in `winapi`
[INFO] [stdout]   --> src/main.rs:19:13
[INFO] [stdout]    |
[INFO] [stdout] 19 | use winapi::um::ioapiset::GetOverlappedResult;
[INFO] [stdout]    |             ^^ could not find `um` in `winapi`
[INFO] [stdout] 
[INFO] [stdout] 
[INFO] [stdout] error[E0433]: failed to resolve: could not find `um` in `winapi`
[INFO] [stdout]   --> src/main.rs:15:13
[INFO] [stdout]    |
[INFO] [stdout] 15 | use winapi::um::commapi::{SetCommState, SetCommTimeouts};
[INFO] [stdout]    |             ^^ could not find `um` in `winapi`
[INFO] [stdout] 
[INFO] [stdout] 
[INFO] [stdout] error[E0433]: failed to resolve: could not find `um` in `winapi`
[INFO] [stdout]   --> src/main.rs:20:13
[INFO] [stdout]    |
[INFO] [stdout] 20 | use winapi::um::minwinbase::OVERLAPPED;
[INFO] [stdout]    |             ^^ could not find `um` in `winapi`
[INFO] [stdout] 
[INFO] [stdout] 
[INFO] [stdout] error[E0433]: failed to resolve: could not find `um` in `winapi`
[INFO] [stdout]   --> src/main.rs:16:13
[INFO] [stdout]    |
[INFO] [stdout] 16 | use winapi::um::errhandlingapi::GetLastError;
[INFO] [stdout]    |             ^^ could not find `um` in `winapi`
[INFO] [stdout] 
[INFO] [stdout] 
[INFO] [stdout] error[E0433]: failed to resolve: could not find `um` in `winapi`
[INFO] [stdout]   --> src/main.rs:21:13
[INFO] [stdout]    |
[INFO] [stdout] 21 | use winapi::um::namedpipeapi::{SetNamedPipeHandleState, WaitNamedPipeW};
[INFO] [stdout]    |             ^^ could not find `um` in `winapi`
[INFO] [stdout] 
[INFO] [stdout] 
[INFO] [stdout] error[E0433]: failed to resolve: could not find `um` in `winapi`
[INFO] [stdout]   --> src/main.rs:22:13
[INFO] [stdout]    |
[INFO] [stdout] 22 | use winapi::um::processthreadsapi::GetCurrentProcess;
[INFO] [stdout]    |             ^^ could not find `um` in `winapi`
[INFO] [stdout] 
[INFO] [stdout] 
[INFO] [stdout] error[E0433]: failed to resolve: could not find `um` in `winapi`
[INFO] [stdout]   --> src/main.rs:23:13
[INFO] [stdout]    |
[INFO] [stdout] 23 | use winapi::um::synchapi::CreateEventW;
[INFO] [stdout]    |             ^^ could not find `um` in `winapi`
[INFO] [stdout] 
[INFO] [stdout] 
[INFO] [stdout] error[E0433]: failed to resolve: could not find `um` in `winapi`
[INFO] [stdout]   --> src/main.rs:24:13
[INFO] [stdout]    |
[INFO] [stdout] 24 | use winapi::um::winbase::{
[INFO] [stdout]    |             ^^ could not find `um` in `winapi`
[INFO] [stdout] 
[INFO] [stdout] 
[INFO] [stdout] error[E0433]: failed to resolve: could not find `um` in `winapi`
[INFO] [stdout]   --> src/main.rs:27:13
[INFO] [stdout]    |
[INFO] [stdout] 27 | use winapi::um::winbase::{FILE_FLAG_NO_BUFFERING, FILE_FLAG_WRITE_THROUGH};
[INFO] [stdout]    |             ^^ could not find `um` in `winapi`
[INFO] [stdout] 
[INFO] [stdout] 
[INFO] [stdout] error[E0433]: failed to resolve: could not find `um` in `winapi`
[INFO] [stdout]   --> src/main.rs:28:13
[INFO] [stdout]    |
[INFO] [stdout] 28 | use winapi::um::winbase::{PIPE_READMODE_BYTE, PIPE_WAIT};
[INFO] [stdout]    |             ^^ could not find `um` in `winapi`
[INFO] [stdout] 
[INFO] [stdout] 
[INFO] [stdout] error[E0433]: failed to resolve: could not find `um` in `winapi`
[INFO] [stdout]   --> src/main.rs:29:13
[INFO] [stdout]    |
[INFO] [stdout] 29 | use winapi::um::winnt::{DUPLICATE_SAME_ACCESS, GENERIC_READ, GENERIC_WRITE, HANDLE};
[INFO] [stdout]    |             ^^ could not find `um` in `winapi`
[INFO] [stdout] 
[INFO] [stdout] 
[INFO] [stdout] error[E0432]: unresolved import `winapi::ctypes`
[INFO] [stdout]   --> src/main.rs:10:13
[INFO] [stdout]    |
[INFO] [stdout] 10 | use winapi::ctypes::c_void;
[INFO] [stdout]    |             ^^^^^^ could not find `ctypes` in `winapi`
[INFO] [stdout] 
[INFO] [stdout] 
[INFO] [stdout] error[E0433]: failed to resolve: could not find `um` in `winapi`
[INFO] [stdout]   --> src/main.rs:17:13
[INFO] [stdout]    |
[INFO] [stdout] 17 | use winapi::um::fileapi::{CreateFileW, ReadFile, WriteFile, OPEN_EXISTING};
[INFO] [stdout]    |             ^^ could not find `um` in `winapi`
[INFO] [stdout] 
[INFO] [stdout] 
[INFO] [stdout] error[E0433]: failed to resolve: could not find `um` in `winapi`
[INFO] [stdout]   --> src/main.rs:18:13
[INFO] [stdout]    |
[INFO] [stdout] 18 | use winapi::um::handleapi::{CloseHandle, DuplicateHandle, INVALID_HANDLE_VALUE};
[INFO] [stdout]    |             ^^ could not find `um` in `winapi`
[INFO] [stdout] 
[INFO] [stdout] 
[INFO] [stdout] error[E0433]: failed to resolve: could not find `um` in `winapi`
[INFO] [stdout]   --> src/main.rs:19:13
[INFO] [stdout]    |
[INFO] [stdout] 19 | use winapi::um::ioapiset::GetOverlappedResult;
[INFO] [stdout]    |             ^^ could not find `um` in `winapi`
[INFO] [stdout] 
[INFO] [stdout] 
[INFO] [stdout] error[E0433]: failed to resolve: could not find `um` in `winapi`
[INFO] [stdout]   --> src/main.rs:20:13
[INFO] [stdout]    |
[INFO] [stdout] 20 | use winapi::um::minwinbase::OVERLAPPED;
[INFO] [stdout]    |             ^^ could not find `um` in `winapi`
[INFO] [stdout] 
[INFO] [stdout] 
[INFO] [stdout] error[E0433]: failed to resolve: could not find `um` in `winapi`
[INFO] [stdout]   --> src/main.rs:21:13
[INFO] [stdout]    |
[INFO] [stdout] 21 | use winapi::um::namedpipeapi::{SetNamedPipeHandleState, WaitNamedPipeW};
[INFO] [stdout]    |             ^^ could not find `um` in `winapi`
[INFO] [stdout] 
[INFO] [stdout] 
[INFO] [stdout] error[E0433]: failed to resolve: could not find `um` in `winapi`
[INFO] [stdout]   --> src/main.rs:22:13
[INFO] [stdout]    |
[INFO] [stdout] 22 | use winapi::um::processthreadsapi::GetCurrentProcess;
[INFO] [stdout]    |             ^^ could not find `um` in `winapi`
[INFO] [stdout] 
[INFO] [stdout] 
[INFO] [stdout] error[E0433]: failed to resolve: could not find `um` in `winapi`
[INFO] [stdout]   --> src/main.rs:23:13
[INFO] [stdout]    |
[INFO] [stdout] 23 | use winapi::um::synchapi::CreateEventW;
[INFO] [stdout]    |             ^^ could not find `um` in `winapi`
[INFO] [stdout] 
[INFO] [stdout] 
[INFO] [stdout] error[E0433]: failed to resolve: could not find `um` in `winapi`
[INFO] [stdout]   --> src/main.rs:24:13
[INFO] [stdout]    |
[INFO] [stdout] 24 | use winapi::um::winbase::{
[INFO] [stdout]    |             ^^ could not find `um` in `winapi`
[INFO] [stdout] 
[INFO] [stdout] 
[INFO] [stdout] error[E0433]: failed to resolve: could not find `um` in `winapi`
[INFO] [stdout]   --> src/main.rs:27:13
[INFO] [stdout]    |
[INFO] [stdout] 27 | use winapi::um::winbase::{FILE_FLAG_NO_BUFFERING, FILE_FLAG_WRITE_THROUGH};
[INFO] [stdout]    |             ^^ could not find `um` in `winapi`
[INFO] [stdout] 
[INFO] [stdout] 
[INFO] [stdout] error[E0433]: failed to resolve: could not find `um` in `winapi`
[INFO] [stdout]   --> src/main.rs:28:13
[INFO] [stdout]    |
[INFO] [stdout] 28 | use winapi::um::winbase::{PIPE_READMODE_BYTE, PIPE_WAIT};
[INFO] [stdout]    |             ^^ could not find `um` in `winapi`
[INFO] [stdout] 
[INFO] [stdout] 
[INFO] [stdout] error[E0433]: failed to resolve: could not find `um` in `winapi`
[INFO] [stdout]   --> src/main.rs:29:13
[INFO] [stdout]    |
[INFO] [stdout] 29 | use winapi::um::winnt::{DUPLICATE_SAME_ACCESS, GENERIC_READ, GENERIC_WRITE, HANDLE};
[INFO] [stdout]    |             ^^ could not find `um` in `winapi`
[INFO] [stdout] 
[INFO] [stdout] 
[INFO] [stdout] error[E0432]: unresolved import `winapi::ctypes`
[INFO] [stdout]   --> src/main.rs:10:13
[INFO] [stdout]    |
[INFO] [stdout] 10 | use winapi::ctypes::c_void;
[INFO] [stdout]    |             ^^^^^^ could not find `ctypes` in `winapi`
[INFO] [stdout] 
[INFO] [stdout] 
[INFO] [stdout] error[E0599]: no method named `encode_wide` found for reference `&std::ffi::OsStr` in the current scope
[INFO] [stdout]   --> src/main.rs:81:54
[INFO] [stdout]    |
[INFO] [stdout] 81 |         port_name_utf16.extend(OsStr::new("\\\\.\\").encode_wide());
[INFO] [stdout]    |                                                      ^^^^^^^^^^^ method not found in `&OsStr`
[INFO] [stdout] 
[INFO] [stdout] 
[INFO] [stdout] error[E0599]: no method named `encode_wide` found for reference `&std::ffi::OsStr` in the current scope
[INFO] [stdout]   --> src/main.rs:81:54
[INFO] [stdout]    |
[INFO] [stdout] 81 |         port_name_utf16.extend(OsStr::new("\\\\.\\").encode_wide());
[INFO] [stdout]    |                                                      ^^^^^^^^^^^ method not found in `&OsStr`
[INFO] [stdout] 
[INFO] [stdout] 
[INFO] [stdout] error[E0599]: no method named `encode_wide` found for reference `&std::ffi::OsStr` in the current scope
[INFO] [stdout]   --> src/main.rs:82:54
[INFO] [stdout]    |
[INFO] [stdout] 82 |         port_name_utf16.extend(OsStr::new(&args.com).encode_wide());
[INFO] [stdout]    |                                                      ^^^^^^^^^^^ method not found in `&OsStr`
[INFO] [stdout] 
[INFO] [stdout] 
[INFO] [stdout] error[E0599]: no method named `encode_wide` found for reference `&std::ffi::OsStr` in the current scope
[INFO] [stdout]   --> src/main.rs:82:54
[INFO] [stdout]    |
[INFO] [stdout] 82 |         port_name_utf16.extend(OsStr::new(&args.com).encode_wide());
[INFO] [stdout]    |                                                      ^^^^^^^^^^^ method not found in `&OsStr`
[INFO] [stdout] 
[INFO] [stdout] 
[INFO] [stdout] error[E0599]: no method named `encode_wide` found for reference `&std::ffi::OsStr` in the current scope
[INFO] [stdout]    --> src/main.rs:137:60
[INFO] [stdout]     |
[INFO] [stdout] 137 |         pipe_name_utf16.extend(OsStr::new("\\\\.\\pipe\\").encode_wide());
[INFO] [stdout]     |                                                            ^^^^^^^^^^^ method not found in `&OsStr`
[INFO] [stdout] 
[INFO] [stdout] 
[INFO] [stdout] error[E0599]: no method named `encode_wide` found for reference `&std::ffi::OsStr` in the current scope
[INFO] [stdout]    --> src/main.rs:137:60
[INFO] [stdout]     |
[INFO] [stdout] 137 |         pipe_name_utf16.extend(OsStr::new("\\\\.\\pipe\\").encode_wide());
[INFO] [stdout]     |                                                            ^^^^^^^^^^^ method not found in `&OsStr`
[INFO] [stdout] 
[INFO] [stdout] 
[INFO] [stdout] error[E0599]: no method named `encode_wide` found for reference `&std::ffi::OsStr` in the current scope
[INFO] [stdout]    --> src/main.rs:138:55
[INFO] [stdout]     |
[INFO] [stdout] 138 |         pipe_name_utf16.extend(OsStr::new(&args.pipe).encode_wide());
[INFO] [stdout]     |                                                       ^^^^^^^^^^^ method not found in `&OsStr`
[INFO] [stdout] 
[INFO] [stdout] 
[INFO] [stdout] error[E0599]: no method named `encode_wide` found for reference `&std::ffi::OsStr` in the current scope
[INFO] [stdout]    --> src/main.rs:138:55
[INFO] [stdout]     |
[INFO] [stdout] 138 |         pipe_name_utf16.extend(OsStr::new(&args.pipe).encode_wide());
[INFO] [stdout]     |                                                       ^^^^^^^^^^^ method not found in `&OsStr`
[INFO] [stdout] 
[INFO] [stdout] 
[INFO] [stdout] error: aborting due to 23 previous errors
[INFO] [stdout] 
[INFO] [stdout] 
[INFO] [stdout] Some errors have detailed explanations: E0432, E0433, E0599.
[INFO] [stdout] 
[INFO] [stdout] For more information about an error, try `rustc --explain E0432`.
[INFO] [stdout] 
[INFO] [stdout] error: aborting due to 23 previous errors
[INFO] [stdout] 
[INFO] [stdout] 
[INFO] [stdout] Some errors have detailed explanations: E0432, E0433, E0599.
[INFO] [stdout] 
[INFO] [stdout] For more information about an error, try `rustc --explain E0432`.
[INFO] [stdout] 
[INFO] [stderr] error: could not compile `winpipe2serial` (bin "winpipe2serial") due to 24 previous errors
[INFO] [stderr] warning: build failed, waiting for other jobs to finish...
[INFO] [stderr] error: could not compile `winpipe2serial` (bin "winpipe2serial" test) due to 24 previous errors
[INFO] running `Command { std: "docker" "inspect" "20082546872a3e8e78fd70e348dfde840001112fdec40363970d0814a8f20b7a", kill_on_drop: false }`
[INFO] running `Command { std: "docker" "rm" "-f" "20082546872a3e8e78fd70e348dfde840001112fdec40363970d0814a8f20b7a", kill_on_drop: false }`
[INFO] [stdout] 20082546872a3e8e78fd70e348dfde840001112fdec40363970d0814a8f20b7a
